s divided by 8/u + (-3680)/(-180)?
13
Let u be 72/3 + -4 + 2. Let f = u - 42. What is the remainder when ((-222)/8)/(15/f) is divided by 20?
17
Calculate the remainder when 2319 is divided by (-2622)/(-34) + 10/(-85) + 3.
79
Let y = -323 + 537. Let k = -190 + y. What is the remainder when 84 is divided by k?
12
Let q = -4239 + 5043. What is the remainder when q is divided by 101?
97
Let n(k) = 11*k**2 - 30*k - 26. What is the remainder when 161 is divided by n(5)?
62
Let t = -163 + 1638. Calculate the remainder when t is divided by 87.
83
Let o = -3817 - -3970. Calculate the remainder when o is divided by 104.
49
Suppose -29*z = -16*z. Let u(h) = 2*h**2 + 5*h + 40. Let t(q) = q + 1. Let y(j) = -4*t(j) + u(j). Calculate the remainder when y(z) is divided by 19.
17
Let p(o) = 13*o - 218. Let r be p(17). Suppose -5*z - r*d = -79, 9*d - 72 = -4*z + 11*d. Calculate the remainder when z is divided by 9.
8
Suppose -3*u + 24 = 724*z - 721*z, 5*z - 22 = u. Let f be (-358)/(-8) - (-2)/8. Calculate the remainder when (-1)/(-1 - -2) + f is divided by z.
4
Let f = 8 - 4. Suppose 0*w = f*w + 2*m - 54, -5*w + 51 = -3*m. Let c(q) = 6*q + 7. What is the remainder when c(w) is divided by 16?
15
Let r(g) = -52*g - 56. Let h be r(-12). Let f = h - 502. Calculate the remainder when 197 is divided by f.
65
Let h = 11 - 15. Let b be h*(-2 - (-34)/(-8)). Suppose -b = -4*a + 11. Calculate the remainder when a is divided by 4.
1
Let t = 274 - 386. Let c be 6/27 + t/(-63) + -27. What is the remainder when (1/(5/(-34)))/(10/c) is divided by 7?
3
Let v(j) = 6 + 5*j - 5*j - 4*j - j**2. Let l be v(3). Let r = 1 - l. What is the remainder when r is divided by 3?
1
Suppose -4*n + 8 + 284 = 0. Let a(r) = r**2 - 3. Suppose 4*f - y = f - 14, 5*y + 30 = -5*f. Calculate the remainder when n is divided by a(f).
7
Suppose 4*r + 4*d = 360, 168 = 2*r + 9*d - 4*d. Calculate the remainder when 2067 is divided by r.
93
Let q = -28 - -31. Let g = q + 0. Suppose 2*w + 5*i - 179 = 0, -5*w - g*i = -358 - 118. What is the remainder when w is divided by 9?
7
Let c = -336 + 356. Let g be -1 - 1/((-4)/(-824)). Let b = -130 - g. Calculate the remainder when b is divided by c.
17
Let x(w) = -81*w - 164. Let a be x(-3). Let h = 252 - a. What is the remainder when h is divided by 44?
41
Suppose 20*t - 4410 = -5*f + 18*t, 0 = -4*t + 20. What is the remainder when f is divided by 89?
79
Let d(a) = a**3 + 9*a**2 + 8*a - 3. Calculate the remainder when ((-46)/(-8))/(358/(-40) - -9) is divided by d(-7).
37
Let m be -6 + (0 - 0/2). Let q = 6067 + -6029. Let c = q + m. What is the remainder when c is divided by 6?
2
Let u(s) = -s**3 + 4*s**2 + 3*s + 10. Let k be u(5). Suppose w = -k*w + 3*w. Suppose w*g = 7*g - 812. Calculate the remainder when g is divided by 39.
38
Let s be (1 + 1)*(-4 + (-316)/(-8)). Let i = s - -22. What is the remainder when i is divided by 19?
17
Suppose -2*i = 5*m - 1622, -69 - 764 = -i + 3*m. Calculate the remainder when i is divided by 25.
21
Suppose 2*r + 2*z - 308 = 0, 4*r - z - 592 = 3*z. What is the remainder when r is divided by 84?
67
Let m(z) = 2423*z + 7356. What is the remainder when 7915 is divided by m(-3)?
85
Let a = 13922 + -13629. Calculate the remainder when 874 is divided by a.
288
Let d(y) = 9*y**2 - 17*y + 44. Let b be d(11). Let o = b + -912. What is the remainder when 305 is divided by o?
33
Let a(f) = -f**2 - 5*f + 4. Let i be a(-5). Suppose -i*j = -74 - 30. Let k = -645660 - -645668. Calculate the remainder when j is divided by k.
2
Suppose -420*s = -419*s - 132. Calculate the remainder when 392 is divided by s.
128
Suppose -15*x + 170 = 2*x. Let i(c) = c**2 + c + 4. What is the remainder when i(-4) is divided by x?
6
Let b be (-9)/(9/(-28))*(-3)/(-2). Suppose r - 5*f - 7 = 9, -3*r = -5*f - 98. What is the remainder when r is divided by 58/6 - 28/b?
5
Suppose -3*l + 189 = 147. Suppose z - 255 = -l*z. What is the remainder when 184 is divided by z?
14
Let h = -154 - -256. Suppose -3*q + h = 5*a - 5*q, 2*q + 2 = 0. Suppose -5*j + 2*x + a = 0, 4 - 33 = -4*j - x. Calculate the remainder when 28 is divided by j.
4
Suppose -4*f = 2*q + 40, -q + 11 = -3*f + 31. Let j = q + 51. Suppose 68 = 9*v - j. Calculate the remainder when 49 is divided by v.
5
Let o = -863 - -428. Let n = -161 - o. What is the remainder when n is divided by 46?
44
Suppose -488*t = -1304*t + 124848. Suppose -2*u = -4*u + 12. What is the remainder when t is divided by u?
3
Suppose 560 = 9*m - 5*m. Calculate the remainder when m is divided by 0 + (-12 - 3 - -31).
12
Let p(v) = 5 - 5 + 3 + 41*v + 1. What is the remainder when p(2) is divided by 118/4 - (-1)/(-2)?
28
Suppose -147 - 85 = 4*l. Calculate the remainder when (5/10)/(-1)*l is divided by 86/8 - (-1)/4.
7
Let j = 14304 - 13622. What is the remainder when j is divided by 587?
95
Suppose 4*y = t - 27 + 5, -5*t + 2*y + 74 = 0. Suppose 182 = -t*v + 924. Calculate the remainder when 156 is divided by v.
50
Let f = -519 - -527. Suppose -12 - 60 = -f*v. What is the remainder when 176 is divided by v?
5
Suppose -2*j + 3*j - 83 = 0. Let x be 30/(-9)*(-3)/2. Suppose 0*r + 122 = 4*f - x*r, 5*f - 146 = 3*r. Calculate the remainder when j is divided by f.
27
What is the remainder when 365 + (104/8)/(-13) is divided by 125?
114
Let l(b) = b - 51 + 21 + 23 - 2*b. Let s be l(-3). Calculate the remainder when 125 is divided by (-4)/(s - -8) + 33.
29
Suppose 210*x = 261*x - 8568. Calculate the remainder when x is divided by 64.
40
Suppose 656*z - 272*z - 8514 = 255*z. Let o = 10 + -4. Suppose o = a - 17. What is the remainder when z is divided by a?
20
Let o = -79 - -110. Let z = -31 + o. Let p(u) = -u**2 + 59. Calculate the remainder when p(z) is divided by 31.
28
Suppose 5*d + 65 = 7*d + 3*x, 2*x - 60 = -2*d. Let i(n) = -n**3 + 27*n**2 - 48*n - 27. Calculate the remainder when 111 is divided by i(d).
19
Calculate the remainder when 2693 is divided by 6/(-33) - 1364/(-484)*(-174)/(-2).
243
Suppose -5*r = -5*c - 2*r - 124, 2*r - 126 = 5*c. Let h = -13 - c. Suppose -47*u + 103*u = 7434 + 462. Calculate the remainder when u is divided by h.
11
Let y = -1253 - -2406. Calculate the remainder when y is divided by 1143.
10
Let b(k) be the first derivative of 50*k**2 + 5*k + 124. Calculate the remainder when b(2) is divided by 66.
7
Let p(y) = -y**2 + 27*y**3 + y - y**2 - y + 1. Calculate the remainder when (-3)/(-6) + 891/18 is divided by p(1).
24
Let y(d) = -d**3 + 199 - 12*d**2 + 178 - 354. Calculate the remainder when 64 is divided by y(-12).
18
Let i(w) = 8*w**2 + 102*w - 2437. What is the remainder when i(29) is divided by 13?
8
Let l be (-23)/115 - (-2 - (-22)/(-10)). Suppose -7*m - 4*j = -l*m - 7, 0 = j - 1. What is the remainder when -5 + 67 + 1 + m is divided by 17?
13
Let m = -107 + 101. Calculate the remainder when -57*4*m/9 is divided by -1 - ((-1 - -2) + -33).
28
Let i = 235 - 140. Let c = 100 - i. What is the remainder when 104 is divided by c?
4
Suppose -156 = 2*m - 586. What is the remainder when m is divided by 87?
41
Suppose -23*k - 725 = -955. Let u = -13 + 23. What is the remainder when k is divided by u?
0
Suppose -134667 = 119*r - 619486 - 743499. Calculate the remainder when r is divided by 25.
22
Let m = -83 + 86. Suppose 0*a - 2*a + 185 = j, m*j = a + 590. What is the remainder when j is divided by 33?
30
Suppose 2053*n = 2051*n - a + 1551, 0 = -n - a + 771. Calculate the remainder when n is divided by 192.
12
Suppose v + 49 = 2*g, 2*g + v = 6 + 45. Suppose -3*w - 4 = 4*z - 2*z, 0 = 5*w - 3*z - g. What is the remainder when 9 + 0/((-16)/4) is divided by w?
1
Suppose 0 = -13*z + 4797 + 624. Let a = -251 + z. What is the remainder when a is divided by 12 + 1*(-2 + 3)?
10
Suppose -2*p + 298 = 5*o, 0*o + 5*p + 245 = 4*o. Suppose 21280 = 103*a + 9*a. What is the remainder when a is divided by o?
10
Suppose 0 = -7*b + 9*b + 4*y + 8, 2*b - 4*y = 32. Suppose -76 = -4*q + 28. Calculate the remainder when q is divided by b.
2
Let x(s) = 7*s + 9*s + 19 - 21*s + 1. Calculate the remainder when 97 is divided by x(-5).
7
Let q be -1*(5 - (16 - 6)). What is the remainder when q*6/24*12 is divided by 4?
3
Let i = -513 - -734. Let y = -214 + i. Calculate the remainder when 20 is divided by y.
6
Let v(j) = 4*j**3 + 10*j**2 - 31*j + 12. Calculate the re